{"id":25129,"date":"2023-05-25T14:55:08","date_gmt":"2023-05-25T12:55:08","guid":{"rendered":"https:\/\/www.kama-maschinenbau.de\/web\/?page_id=25129"},"modified":"2024-02-21T08:44:55","modified_gmt":"2024-02-21T07:44:55","slug":"jubilaeum","status":"publish","type":"page","link":"https:\/\/www.kama-maschinenbau.de\/web\/jubilaeum\/","title":{"rendered":"Jubil\u00e4um"},"content":{"rendered":"\n<figure class=\"wp-block-image size-full is-resized\"><img decoding=\"async\" loading=\"lazy\" src=\"https:\/\/www.kama-maschinenbau.de\/web\/wp-content\/uploads\/2023\/06\/Logo.png\" alt=\"\" class=\"wp-image-26123\" width=\"306\" height=\"296\" srcset=\"https:\/\/www.kama-maschinenbau.de\/web\/wp-content\/uploads\/2023\/06\/Logo.png 377w, https:\/\/www.kama-maschinenbau.de\/web\/wp-content\/uploads\/2023\/06\/Logo-300x290.png 300w\" sizes=\"(max-width: 306px) 100vw, 306px\" \/><\/figure>\n\n\n\n<h2 class=\"wp-block-heading\"><strong>40-j\u00e4hriges Firmenjubil\u00e4um &amp; Tag der offenen T\u00fcr<\/strong><\/h2>\n\n\n\n<p><br>Die St\u00e4rken des Einzelnen entfalten das gesamte Potenzial der kama Maschinenbau GmbH, die von gelebten Werten gepr\u00e4gt ist. In der Bereitschaft zu H\u00f6chstleistungen schaffen Mitarbeiter nicht nur eine nachhaltige Innovationskultur im Unternehmen, sondern erreichen auch bahnbrechende Fortschritte. Genau f\u00fcr diese unermessliche Kraft einer gefestigten Einheit steht die Erfolgsgeschichte, auf die wir nun nach 40 Jahren zur\u00fcckblicken k\u00f6nnen.<\/p>\n\n\n\n<p>Um das zu ehren und dieses Jubil\u00e4um mit Ihnen zu feiern, veranstalten wir in diesem Jahr zwei Jubil\u00e4umstage, beginnend mit einem:<\/p>\n\n\n\n\n\n<p><strong>Tag der offenen T\u00fcr<\/strong><\/p>\n\n\n\n<p>Am 16.09.2023 \u00f6ffnete kama Maschinenbau GmbH in Sch\u00f6nwald seine T\u00fcren f\u00fcr interessierte Besucher, um einen Einblick in die vielf\u00e4ltigen Produktionsm\u00f6glichkeiten und Angebote der Einrichtung zu gew\u00e4hren. Der Tag der offenen T\u00fcr war von Erfolg gepr\u00e4gt und zog zahlreiche G\u00e4ste an.<\/p>\n\n\n\n<p>Besucher wurden herzlich am Eingang empfangen. Die freundlichen Mitarbeiter standen bereit, um Fragen zu beantworten und die G\u00e4ste zu leiten. Den Tag \u00fcber fanden informative Pr\u00e4sentationen und Vortr\u00e4ge statt, die einen umfassenden \u00dcberblick \u00fcber die M\u00f6glichkeiten in der kama Maschinenbau GmbH gaben. Interessierte hatten die M\u00f6glichkeit, an gef\u00fchrten Touren teilzunehmen. Diese f\u00fchrten durch die verschiedenen Abteilungen und zeigten die modernen Einrichtungen und Maschinen. Ebenso bestand die M\u00f6glichkeit auch ohne F\u00fchrung die Firma selbst zu entdecken. Besucher konnten in praxisnahen Demonstrationen Einblicke in die Arbeit des kama-Teams gewinnen. Wenn man alle Stationen der kama Maschinenbau erreicht hatte, konnte man sich \u00fcber ein selbstgemachtes Spiel zum Mitnehmen freuen. Die Mitarbeiter standen den G\u00e4sten f\u00fcr pers\u00f6nliche Gespr\u00e4che zur Verf\u00fcgung. Dies bot die Gelegenheit, spezifische Fragen zu stellen, sich \u00fcber Karrierem\u00f6glichkeiten zu informieren und direkten Kontakt mit den Menschen aus dem kama-Team zu kn\u00fcpfen.<\/p>\n\n\n\n<p>Um auch j\u00fcngeren Besuchern gerecht zu werden, gab es zahlreiche Attraktionen f\u00fcr Kinder. Diese reichten von einer H\u00fcpfburg, Entenangeln \u00fcber einen \u201ehei\u00dfen Draht\u201c bis hin zum eigenen Tret-Gabelstapler-F\u00fchrerschein.<\/p>\n\n\n\n<p>Eine angenehme Atmosph\u00e4re wurde durch ein gut organisiertes Catering geschaffen. Es gab Getr\u00e4nke von der Firma Meinel-Br\u00e4u, italienische Spezialit\u00e4ten von Peppoletano und gegrilltes von der Metzgerei Schmidkunz.<\/p>\n\n\n\n<p>Fazit:<\/p>\n\n\n\n<p>Der Tag der offenen T\u00fcr bei kama Maschinenbau GmbH war ein gro\u00dfer Erfolg. Die Besucher konnten einen umfassenden Einblick in die vielf\u00e4ltigen Aktivit\u00e4ten erhalten, Fragen kl\u00e4ren und die Atmosph\u00e4re der Einrichtung erleben. Die Veranstaltung trug ma\u00dfgeblich dazu bei, das Interesse f\u00fcr die kama und ihr Team zu st\u00e4rken.<\/p>\n\n\n\n<div class=\"wp-block-columns is-layout-flex wp-container-4 wp-block-columns-is-layout-flex\">\n<div class=\"wp-block-column is-layout-flow wp-block-column-is-layout-flow\">\n<figure class=\"wp-block-image size-large\"><img decoding=\"async\" loading=\"lazy\" width=\"1024\" height=\"768\" src=\"https:\/\/www.kama-maschinenbau.de\/web\/wp-content\/uploads\/2023\/11\/e76477af-ddb8-46f7-ae08-fb897efa0d61-1024x768.jpg\" alt=\"\" class=\"wp-image-33594\" srcset=\"https:\/\/www.kama-maschinenbau.de\/web\/wp-content\/uploads\/2023\/11\/e76477af-ddb8-46f7-ae08-fb897efa0d61-1024x768.jpg 1024w, https:\/\/www.kama-maschinenbau.de\/web\/wp-content\/uploads\/2023\/11\/e76477af-ddb8-46f7-ae08-fb897efa0d61-300x225.jpg 300w, https:\/\/www.kama-maschinenbau.de\/web\/wp-content\/uploads\/2023\/11\/e76477af-ddb8-46f7-ae08-fb897efa0d61-768x576.jpg 768w, https:\/\/www.kama-maschinenbau.de\/web\/wp-content\/uploads\/2023\/11\/e76477af-ddb8-46f7-ae08-fb897efa0d61-1536x1152.jpg 1536w, https:\/\/www.kama-maschinenbau.de\/web\/wp-content\/uploads\/2023\/11\/e76477af-ddb8-46f7-ae08-fb897efa0d61.jpg 2000w\" sizes=\"(max-width: 1024px) 100vw, 1024px\" \/><\/figure>\n<\/div>\n\n\n\n<div class=\"wp-block-column is-layout-flow wp-block-column-is-layout-flow\">\n<figure class=\"wp-block-image size-large\"><img decoding=\"async\" loading=\"lazy\" width=\"1024\" height=\"768\" src=\"https:\/\/www.kama-maschinenbau.de\/web\/wp-content\/uploads\/2023\/11\/0a1ead04-cc8f-4124-8b44-ccfb166da86b-1024x768.jpg\" alt=\"\" class=\"wp-image-33596\" srcset=\"https:\/\/www.kama-maschinenbau.de\/web\/wp-content\/uploads\/2023\/11\/0a1ead04-cc8f-4124-8b44-ccfb166da86b-1024x768.jpg 1024w, https:\/\/www.kama-maschinenbau.de\/web\/wp-content\/uploads\/2023\/11\/0a1ead04-cc8f-4124-8b44-ccfb166da86b-300x225.jpg 300w, https:\/\/www.kama-maschinenbau.de\/web\/wp-content\/uploads\/2023\/11\/0a1ead04-cc8f-4124-8b44-ccfb166da86b-768x576.jpg 768w, https:\/\/www.kama-maschinenbau.de\/web\/wp-content\/uploads\/2023\/11\/0a1ead04-cc8f-4124-8b44-ccfb166da86b-1536x1152.jpg 1536w, https:\/\/www.kama-maschinenbau.de\/web\/wp-content\/uploads\/2023\/11\/0a1ead04-cc8f-4124-8b44-ccfb166da86b.jpg 2000w\" sizes=\"(max-width: 1024px) 100vw, 1024px\" \/><\/figure>\n<\/div>\n\n\n\n<div class=\"wp-block-column is-layout-flow wp-block-column-is-layout-flow\">\n<figure class=\"wp-block-image size-large\"><img decoding=\"async\" loading=\"lazy\" width=\"1024\" height=\"768\" src=\"https:\/\/www.kama-maschinenbau.de\/web\/wp-content\/uploads\/2023\/11\/f073e1e5-605a-4c97-b170-a1f262c6c1d8-1024x768.jpg\" alt=\"\" class=\"wp-image-33595\" srcset=\"https:\/\/www.kama-maschinenbau.de\/web\/wp-content\/uploads\/2023\/11\/f073e1e5-605a-4c97-b170-a1f262c6c1d8-1024x768.jpg 1024w, https:\/\/www.kama-maschinenbau.de\/web\/wp-content\/uploads\/2023\/11\/f073e1e5-605a-4c97-b170-a1f262c6c1d8-300x225.jpg 300w, https:\/\/www.kama-maschinenbau.de\/web\/wp-content\/uploads\/2023\/11\/f073e1e5-605a-4c97-b170-a1f262c6c1d8-768x576.jpg 768w, https:\/\/www.kama-maschinenbau.de\/web\/wp-content\/uploads\/2023\/11\/f073e1e5-605a-4c97-b170-a1f262c6c1d8-1536x1152.jpg 1536w, https:\/\/www.kama-maschinenbau.de\/web\/wp-content\/uploads\/2023\/11\/f073e1e5-605a-4c97-b170-a1f262c6c1d8.jpg 2000w\" sizes=\"(max-width: 1024px) 100vw, 1024px\" \/><\/figure>\n<\/div>\n<\/div>\n\n\n\n<p><strong>Jubil\u00e4umsfete<\/strong><\/p>\n\n\n\n<p>Der erfolgreiche Festnachmittag endete mit einem herzlichen Dank an alle Mitarbeiter f\u00fcr ihren Beitrag. Die Familie Magdt m\u00f6chte noch einmal die Wertsch\u00e4tzung f\u00fcr das Engagement und die harte Arbeit der Belegschaft betonen. Um die Dankbarkeit auszudr\u00fccken veranstaltete die kama eine Fete mit allen Mitarbeitern, deren Freunden und Familien sowie Freunden der Firma. Der ehemalige Auszubildende Alexander Frenzl sorgte mit seiner Band \u201eGeile Zeit xs\u201c f\u00fcr eine entsprechende Stimmung und heizte in unserer Lagerhalle so richtig ein. Entsprechende Beleuchtung, eine Bar und hervorragende Speisen rundeten den stimmungsvollen Abend ab. Die Firmenfeier war ein sehr gelungenes Ereignis, das nicht nur die Erfolge der vergangenen Jahre w\u00fcrdigte, sondern auch den Teamgeist und die Zusammenarbeit im Unternehmen st\u00e4rkte. Die positive Stimmung und die fr\u00f6hlichen Gesichter der Mitarbeiter waren ein deutliches Zeichen daf\u00fcr, dass die Feier von allen genossen wurde.<\/p>\n\n\n\n<div class=\"wp-block-columns is-layout-flex wp-container-8 wp-block-columns-is-layout-flex\">\n<div class=\"wp-block-column is-layout-flow wp-block-column-is-layout-flow\" style=\"flex-basis:25%\">\n<figure class=\"wp-block-image size-large is-resized\"><img decoding=\"async\" loading=\"lazy\" src=\"https:\/\/www.kama-maschinenbau.de\/web\/wp-content\/uploads\/2023\/11\/d0d03bb0-a49e-45c7-a9cf-87ffcbf64a3f-edited.jpg\" alt=\"\" class=\"wp-image-33602\" width=\"190\" height=\"336\"\/><\/figure>\n<\/div>\n\n\n\n<div class=\"wp-block-column is-layout-flow wp-block-column-is-layout-flow\" style=\"flex-basis:50%\">\n<figure class=\"wp-block-image size-large\"><img decoding=\"async\" loading=\"lazy\" width=\"1024\" height=\"369\" src=\"https:\/\/www.kama-maschinenbau.de\/web\/wp-content\/uploads\/2023\/11\/20230916_190102-1-1024x369.jpg\" alt=\"\" class=\"wp-image-33600\" srcset=\"https:\/\/www.kama-maschinenbau.de\/web\/wp-content\/uploads\/2023\/11\/20230916_190102-1-1024x369.jpg 1024w, https:\/\/www.kama-maschinenbau.de\/web\/wp-content\/uploads\/2023\/11\/20230916_190102-1-300x108.jpg 300w, https:\/\/www.kama-maschinenbau.de\/web\/wp-content\/uploads\/2023\/11\/20230916_190102-1-768x276.jpg 768w, https:\/\/www.kama-maschinenbau.de\/web\/wp-content\/uploads\/2023\/11\/20230916_190102-1-1536x553.jpg 1536w, https:\/\/www.kama-maschinenbau.de\/web\/wp-content\/uploads\/2023\/11\/20230916_190102-1-2048x737.jpg 2048w\" sizes=\"(max-width: 1024px) 100vw, 1024px\" \/><\/figure>\n<\/div>\n\n\n\n<div class=\"wp-block-column is-layout-flow wp-block-column-is-layout-flow\" style=\"flex-basis:25%\">\n<figure class=\"wp-block-image size-large\"><img decoding=\"async\" loading=\"lazy\" width=\"1024\" height=\"768\" src=\"https:\/\/www.kama-maschinenbau.de\/web\/wp-content\/uploads\/2023\/11\/64a20eb6-c573-4fe7-91f1-af817636250d-1-1024x768.jpg\" alt=\"\" class=\"wp-image-33629\" srcset=\"https:\/\/www.kama-maschinenbau.de\/web\/wp-content\/uploads\/2023\/11\/64a20eb6-c573-4fe7-91f1-af817636250d-1-1024x768.jpg 1024w, https:\/\/www.kama-maschinenbau.de\/web\/wp-content\/uploads\/2023\/11\/64a20eb6-c573-4fe7-91f1-af817636250d-1-300x225.jpg 300w, https:\/\/www.kama-maschinenbau.de\/web\/wp-content\/uploads\/2023\/11\/64a20eb6-c573-4fe7-91f1-af817636250d-1-768x576.jpg 768w, https:\/\/www.kama-maschinenbau.de\/web\/wp-content\/uploads\/2023\/11\/64a20eb6-c573-4fe7-91f1-af817636250d-1-1536x1152.jpg 1536w, https:\/\/www.kama-maschinenbau.de\/web\/wp-content\/uploads\/2023\/11\/64a20eb6-c573-4fe7-91f1-af817636250d-1.jpg 1600w\" sizes=\"(max-width: 1024px) 100vw, 1024px\" \/><\/figure>\n<\/div>\n<\/div>\n\n\n\n<p><strong>Jubil\u00e4umsveranstaltung<\/strong><\/p>\n\n\n\n<p>Ein herzlicher Dank gilt auch unseren gesch\u00e4tzten Kunden und Partnern, die uns \u00fcber die Jahre hinweg ihr Vertrauen geschenkt haben. Um dies geb\u00fchrend zu feiern fand hierzu im Dezember noch eine gesonderte Jubil\u00e4umsveranstaltung statt. <\/p>\n\n\n\n<div class=\"wp-block-columns is-layout-flex wp-container-12 wp-block-columns-is-layout-flex\">\n<div class=\"wp-block-column is-layout-flow wp-block-column-is-layout-flow\">\n<figure class=\"wp-block-image size-large\"><img decoding=\"async\" loading=\"lazy\" width=\"1024\" height=\"768\" src=\"https:\/\/www.kama-maschinenbau.de\/web\/wp-content\/uploads\/2024\/02\/20231201_102321-1024x768.jpg\" alt=\"\" class=\"wp-image-39222\" srcset=\"https:\/\/www.kama-maschinenbau.de\/web\/wp-content\/uploads\/2024\/02\/20231201_102321-1024x768.jpg 1024w, https:\/\/www.kama-maschinenbau.de\/web\/wp-content\/uploads\/2024\/02\/20231201_102321-300x225.jpg 300w, https:\/\/www.kama-maschinenbau.de\/web\/wp-content\/uploads\/2024\/02\/20231201_102321-768x576.jpg 768w, https:\/\/www.kama-maschinenbau.de\/web\/wp-content\/uploads\/2024\/02\/20231201_102321-1536x1152.jpg 1536w, https:\/\/www.kama-maschinenbau.de\/web\/wp-content\/uploads\/2024\/02\/20231201_102321-2048x1536.jpg 2048w\" sizes=\"(max-width: 1024px) 100vw, 1024px\" \/><\/figure>\n<\/div>\n\n\n\n<div class=\"wp-block-column is-layout-flow wp-block-column-is-layout-flow\">\n<figure class=\"wp-block-image size-large\"><img decoding=\"async\" loading=\"lazy\" width=\"1024\" height=\"461\" src=\"https:\/\/www.kama-maschinenbau.de\/web\/wp-content\/uploads\/2024\/02\/20231201_083530-1024x461.jpg\" alt=\"\" class=\"wp-image-39224\" srcset=\"https:\/\/www.kama-maschinenbau.de\/web\/wp-content\/uploads\/2024\/02\/20231201_083530-1024x461.jpg 1024w, https:\/\/www.kama-maschinenbau.de\/web\/wp-content\/uploads\/2024\/02\/20231201_083530-300x135.jpg 300w, https:\/\/www.kama-maschinenbau.de\/web\/wp-content\/uploads\/2024\/02\/20231201_083530-768x346.jpg 768w, https:\/\/www.kama-maschinenbau.de\/web\/wp-content\/uploads\/2024\/02\/20231201_083530-1536x692.jpg 1536w, https:\/\/www.kama-maschinenbau.de\/web\/wp-content\/uploads\/2024\/02\/20231201_083530-2048x922.jpg 2048w\" sizes=\"(max-width: 1024px) 100vw, 1024px\" \/><\/figure>\n<\/div>\n\n\n\n<div class=\"wp-block-column is-layout-flow wp-block-column-is-layout-flow\">\n<figure class=\"wp-block-image size-large\"><img decoding=\"async\" loading=\"lazy\" width=\"1024\" height=\"768\" src=\"https:\/\/www.kama-maschinenbau.de\/web\/wp-content\/uploads\/2024\/02\/20231201_101208-1024x768.jpg\" alt=\"\" class=\"wp-image-39223\" srcset=\"https:\/\/www.kama-maschinenbau.de\/web\/wp-content\/uploads\/2024\/02\/20231201_101208-1024x768.jpg 1024w, https:\/\/www.kama-maschinenbau.de\/web\/wp-content\/uploads\/2024\/02\/20231201_101208-300x225.jpg 300w, https:\/\/www.kama-maschinenbau.de\/web\/wp-content\/uploads\/2024\/02\/20231201_101208-768x576.jpg 768w, https:\/\/www.kama-maschinenbau.de\/web\/wp-content\/uploads\/2024\/02\/20231201_101208-1536x1152.jpg 1536w, https:\/\/www.kama-maschinenbau.de\/web\/wp-content\/uploads\/2024\/02\/20231201_101208-2048x1536.jpg 2048w\" sizes=\"(max-width: 1024px) 100vw, 1024px\" \/><\/figure>\n<\/div>\n<\/div>\n\n\n\n<p>Am 01.12.2023 versammelten sich Mitarbeiter, Partner und Ehreng\u00e4ste, um das 40-j\u00e4hrige Jubil\u00e4um von kama zu feiern. Der aktuelle Gesch\u00e4ftsf\u00fchrer Stefan Magdt begr\u00fc\u00dfte die Ehreng\u00e4ste herzlich und er\u00f6ffnete die Feierlichkeiten. In seiner Ansprache erinnerte er an einige Anekdoten aus der Vergangenheit, darunter die unvergessliche Geschichte, wie eine Wand ausgespitzt werden musste, um eine Maschine aus einem Geb\u00e4ude zu bringen, nur um danach die Wand wieder sorgf\u00e4ltig aufgemauert zu haben.<\/p>\n\n\n\n<p>Die Pr\u00e4sentation von Lisa Magdt, w\u00fcrdigte nicht nur die harte Arbeit und Hingabe ihrer Gro\u00dfeltern und Eltern, sondern auch das Engagement aller Mitarbeiter, Partner und Kunden. Besondere Anerkennung wurde den Mitarbeitern Jana Thiedmann f\u00fcr f\u00fcnf Jahre Betriebszugeh\u00f6rigkeit sowie J\u00fcrgen Orschulok (20 Jahre), Stephan Berg (35 Jahre), Senol Sener (40 Jahre) und Brigitte Magdt f\u00fcr ihre jahrzehntelange Treue zum Unternehmen ausgesprochen.<\/p>\n\n\n\n<p>Roland Sch\u00f6ffel betonte in seiner Ansprache die Bedeutung des &#8222;Freiraums f\u00fcr Macher&#8220; und hob hervor, dass kama stets ein Unternehmen von Machern gewesen sei. Martin Sch\u00f6ffel sprach sich f\u00fcr die St\u00e4rkung des Handwerks aus und betonte, dass bereits Ma\u00dfnahmen ergriffen wurden, wie beispielsweise die Erh\u00f6hung des Meisterbonus.<\/p>\n\n\n\n<p>Klaus Jaschke freute sich \u00fcber 35 erfolgreiche Jahre von kama in Sch\u00f6nwald und w\u00fcrdigte die Familie f\u00fcr ihr ehrenamtliches Engagement. Hannes M\u00fcssel betonte die Notwendigkeit, Gesellen st\u00e4rker zu unterst\u00fctzen, insbesondere im Vergleich zu Studenten.<\/p>\n\n\n\n<p>Michael G\u00f6bel \u00fcberreichte eine Urkunde des Fachverbands Metall Bayern zum 40-j\u00e4hrigen Firmenjubil\u00e4um, w\u00e4hrend Claus Regenberg als langj\u00e4hriger Partner des Unternehmens geehrt wurde. Thomas Abraham unterstrich die St\u00e4rke des Teams und Ralf Hirschmann von der VR Bank w\u00fcrdigte kama als wichtiger Partner und Verhandlungspartner.<\/p>\n\n\n\n<p>Wieland Schletz ehrte Sabine und Stefan mit dem Bayrischen Feuerwehrehrenkreuz in Silber f\u00fcr ihre Verdienste. Zudem wurde eine Urkunde der Handwerkskammer f\u00fcr das 40-j\u00e4hrige Firmenjubil\u00e4um \u00fcberreicht.<\/p>\n\n\n\n<p>Die Feierlichkeiten zeigten nicht nur die erfolgreiche Geschichte von kama, sondern auch die enge Verbundenheit mit Mitarbeitern, Partnern und der Gemeinschaft, die das Unternehmen \u00fcber die Jahre aufgebaut hat.<\/p>\n","protected":false},"excerpt":{"rendered":"<p>40-j\u00e4hriges Firmenjubil\u00e4um &amp; Tag der offenen T\u00fcr Die St\u00e4rken des Einzelnen entfalten das gesamte Potenzial der kama Maschinenbau GmbH, die von gelebten Werten gepr\u00e4gt ist. In der Bereitschaft zu H\u00f6chstleistungen schaffen Mitarbeiter nicht nur eine nachhaltige Innovationskultur im Unternehmen, sondern erreichen auch bahnbrechende Fortschritte. Genau f\u00fcr diese unermessliche Kraft einer gefestigten Einheit steht die Erfolgsgeschichte, [&hellip;]<\/p>\n","protected":false},"author":2,"featured_media":0,"parent":0,"menu_order":8,"comment_status":"closed","ping_status":"closed","template":"","meta":{"footnotes":""},"yoast_head":"<!-- This site is optimized with the Yoast SEO plugin v20.0 - https:\/\/yoast.com\/wordpress\/plugins\/seo\/ -->\n<title>Jubil\u00e4um - kama Maschinenbau GmbH<\/title>\n<meta name=\"robots\" content=\"index, follow, max-snippet:-1, max-image-preview:large, max-video-preview:-1\" \/>\n<link rel=\"canonical\" href=\"https:\/\/www.kama-maschinenbau.de\/web\/jubilaeum\/\" \/>\n<meta property=\"og:locale\" content=\"de_DE\" \/>\n<meta property=\"og:type\" content=\"article\" \/>\n<meta property=\"og:title\" content=\"Jubil\u00e4um - kama Maschinenbau GmbH\" \/>\n<meta property=\"og:description\" content=\"40-j\u00e4hriges Firmenjubil\u00e4um &amp; Tag der offenen T\u00fcr Die St\u00e4rken des Einzelnen entfalten das gesamte Potenzial der kama Maschinenbau GmbH, die von gelebten Werten gepr\u00e4gt ist. In der Bereitschaft zu H\u00f6chstleistungen schaffen Mitarbeiter nicht nur eine nachhaltige Innovationskultur im Unternehmen, sondern erreichen auch bahnbrechende Fortschritte. Genau f\u00fcr diese unermessliche Kraft einer gefestigten Einheit steht die Erfolgsgeschichte, [&hellip;]\" \/>\n<meta property=\"og:url\" content=\"https:\/\/www.kama-maschinenbau.de\/web\/jubilaeum\/\" \/>\n<meta property=\"og:site_name\" content=\"kama Maschinenbau GmbH\" \/>\n<meta property=\"article:modified_time\" content=\"2024-02-21T07:44:55+00:00\" \/>\n<meta property=\"og:image\" content=\"https:\/\/www.kama-maschinenbau.de\/web\/wp-content\/uploads\/2023\/06\/Logo.png\" \/>\n<meta name=\"twitter:card\" content=\"summary_large_image\" \/>\n<meta name=\"twitter:label1\" content=\"Gesch\u00e4tzte Lesezeit\" \/>\n\t<meta name=\"twitter:data1\" content=\"7 Minuten\" \/>\n<script type=\"application\/ld+json\" class=\"yoast-schema-graph\">{\"@context\":\"https:\/\/schema.org\",\"@graph\":[{\"@type\":\"WebPage\",\"@id\":\"https:\/\/www.kama-maschinenbau.de\/web\/jubilaeum\/\",\"url\":\"https:\/\/www.kama-maschinenbau.de\/web\/jubilaeum\/\",\"name\":\"Jubil\u00e4um - kama Maschinenbau GmbH\",\"isPartOf\":{\"@id\":\"https:\/\/www.kama-maschinenbau.de\/web\/#website\"},\"datePublished\":\"2023-05-25T12:55:08+00:00\",\"dateModified\":\"2024-02-21T07:44:55+00:00\",\"breadcrumb\":{\"@id\":\"https:\/\/www.kama-maschinenbau.de\/web\/jubilaeum\/#breadcrumb\"},\"inLanguage\":\"de-DE\",\"potentialAction\":[{\"@type\":\"ReadAction\",\"target\":[\"https:\/\/www.kama-maschinenbau.de\/web\/jubilaeum\/\"]}]},{\"@type\":\"BreadcrumbList\",\"@id\":\"https:\/\/www.kama-maschinenbau.de\/web\/jubilaeum\/#breadcrumb\",\"itemListElement\":[{\"@type\":\"ListItem\",\"position\":1,\"name\":\"Home\",\"item\":\"https:\/\/www.kama-maschinenbau.de\/web\/\"},{\"@type\":\"ListItem\",\"position\":2,\"name\":\"Jubil\u00e4um\"}]},{\"@type\":\"WebSite\",\"@id\":\"https:\/\/www.kama-maschinenbau.de\/web\/#website\",\"url\":\"https:\/\/www.kama-maschinenbau.de\/web\/\",\"name\":\"kama Maschinenbau GmbH\",\"description\":\"Willkommen. Planung und Fertigung von Bauteilen, Baugruppen bis hin zu kompletten Anlagen. Zertifizierter Fachbetrieb mit Tradition. Sondermaschinenbau, u.v.m.\",\"potentialAction\":[{\"@type\":\"SearchAction\",\"target\":{\"@type\":\"EntryPoint\",\"urlTemplate\":\"https:\/\/www.kama-maschinenbau.de\/web\/?s={search_term_string}\"},\"query-input\":\"required name=search_term_string\"}],\"inLanguage\":\"de-DE\"}]}<\/script>\n<!-- \/ Yoast SEO plugin. -->","yoast_head_json":{"title":"Jubil\u00e4um - kama Maschinenbau GmbH","robots":{"index":"index","follow":"follow","max-snippet":"max-snippet:-1","max-image-preview":"max-image-preview:large","max-video-preview":"max-video-preview:-1"},"canonical":"https:\/\/www.kama-maschinenbau.de\/web\/jubilaeum\/","og_locale":"de_DE","og_type":"article","og_title":"Jubil\u00e4um - kama Maschinenbau GmbH","og_description":"40-j\u00e4hriges Firmenjubil\u00e4um &amp; Tag der offenen T\u00fcr Die St\u00e4rken des Einzelnen entfalten das gesamte Potenzial der kama Maschinenbau GmbH, die von gelebten Werten gepr\u00e4gt ist. In der Bereitschaft zu H\u00f6chstleistungen schaffen Mitarbeiter nicht nur eine nachhaltige Innovationskultur im Unternehmen, sondern erreichen auch bahnbrechende Fortschritte. Genau f\u00fcr diese unermessliche Kraft einer gefestigten Einheit steht die Erfolgsgeschichte, [&hellip;]","og_url":"https:\/\/www.kama-maschinenbau.de\/web\/jubilaeum\/","og_site_name":"kama Maschinenbau GmbH","article_modified_time":"2024-02-21T07:44:55+00:00","og_image":[{"url":"https:\/\/www.kama-maschinenbau.de\/web\/wp-content\/uploads\/2023\/06\/Logo.png"}],"twitter_card":"summary_large_image","twitter_misc":{"Gesch\u00e4tzte Lesezeit":"7 Minuten"},"schema":{"@context":"https:\/\/schema.org","@graph":[{"@type":"WebPage","@id":"https:\/\/www.kama-maschinenbau.de\/web\/jubilaeum\/","url":"https:\/\/www.kama-maschinenbau.de\/web\/jubilaeum\/","name":"Jubil\u00e4um - kama Maschinenbau GmbH","isPartOf":{"@id":"https:\/\/www.kama-maschinenbau.de\/web\/#website"},"datePublished":"2023-05-25T12:55:08+00:00","dateModified":"2024-02-21T07:44:55+00:00","breadcrumb":{"@id":"https:\/\/www.kama-maschinenbau.de\/web\/jubilaeum\/#breadcrumb"},"inLanguage":"de-DE","potentialAction":[{"@type":"ReadAction","target":["https:\/\/www.kama-maschinenbau.de\/web\/jubilaeum\/"]}]},{"@type":"BreadcrumbList","@id":"https:\/\/www.kama-maschinenbau.de\/web\/jubilaeum\/#breadcrumb","itemListElement":[{"@type":"ListItem","position":1,"name":"Home","item":"https:\/\/www.kama-maschinenbau.de\/web\/"},{"@type":"ListItem","position":2,"name":"Jubil\u00e4um"}]},{"@type":"WebSite","@id":"https:\/\/www.kama-maschinenbau.de\/web\/#website","url":"https:\/\/www.kama-maschinenbau.de\/web\/","name":"kama Maschinenbau GmbH","description":"Willkommen. Planung und Fertigung von Bauteilen, Baugruppen bis hin zu kompletten Anlagen. Zertifizierter Fachbetrieb mit Tradition. Sondermaschinenbau, u.v.m.","potentialAction":[{"@type":"SearchAction","target":{"@type":"EntryPoint","urlTemplate":"https:\/\/www.kama-maschinenbau.de\/web\/?s={search_term_string}"},"query-input":"required name=search_term_string"}],"inLanguage":"de-DE"}]}},"_links":{"self":[{"href":"https:\/\/www.kama-maschinenbau.de\/web\/wp-json\/wp\/v2\/pages\/25129"}],"collection":[{"href":"https:\/\/www.kama-maschinenbau.de\/web\/wp-json\/wp\/v2\/pages"}],"about":[{"href":"https:\/\/www.kama-maschinenbau.de\/web\/wp-json\/wp\/v2\/types\/page"}],"author":[{"embeddable":true,"href":"https:\/\/www.kama-maschinenbau.de\/web\/wp-json\/wp\/v2\/users\/2"}],"replies":[{"embeddable":true,"href":"https:\/\/www.kama-maschinenbau.de\/web\/wp-json\/wp\/v2\/comments?post=25129"}],"version-history":[{"count":19,"href":"https:\/\/www.kama-maschinenbau.de\/web\/wp-json\/wp\/v2\/pages\/25129\/revisions"}],"predecessor-version":[{"id":39226,"href":"https:\/\/www.kama-maschinenbau.de\/web\/wp-json\/wp\/v2\/pages\/25129\/revisions\/39226"}],"wp:attachment":[{"href":"https:\/\/www.kama-maschinenbau.de\/web\/wp-json\/wp\/v2\/media?parent=25129"}],"curies":[{"name":"wp","href":"https:\/\/api.w.org\/{rel}","templated":true}]}}