{"id":2034,"date":"2021-03-11T13:25:47","date_gmt":"2021-03-11T12:25:47","guid":{"rendered":"https:\/\/www.kama-maschinenbau.de\/web\/?page_id=2034"},"modified":"2025-08-12T10:03:22","modified_gmt":"2025-08-12T08:03:22","slug":"stellenangebote","status":"publish","type":"page","link":"https:\/\/www.kama-maschinenbau.de\/web\/stellenangebote\/","title":{"rendered":"Stellenangebote"},"content":{"rendered":"\n<div class=\"wp-block-columns is-layout-flex wp-container-1 wp-block-columns-is-layout-flex\"><\/div>\n\n\n\n<h2 class=\"wp-block-heading has-text-align-center\"><mark style=\"background-color:rgba(0, 0, 0, 0)\" class=\"has-inline-color has-luminous-vivid-amber-color\">Stellenausschreibung Elektriker \/ Programmierer (m\/w\/d)<\/mark><\/h2>\n\n\n\n<div class=\"wp-block-columns are-vertically-aligned-top is-layout-flex wp-container-19 wp-block-columns-is-layout-flex\">\n<div class=\"wp-block-column is-vertically-aligned-top is-layout-flow wp-block-column-is-layout-flow\">\n<div class=\"wp-block-group is-vertical is-layout-flex wp-container-9 wp-block-group-is-layout-flex\">\n<div class=\"wp-block-group is-layout-constrained wp-block-group-is-layout-constrained\"><div class=\"wp-block-group__inner-container\">\n<div class=\"wp-block-group is-vertical is-layout-flex wp-container-7 wp-block-group-is-layout-flex\">\n<div class=\"wp-block-columns is-layout-flex wp-container-6 wp-block-columns-is-layout-flex\">\n<div class=\"wp-block-column is-layout-flow wp-block-column-is-layout-flow\" style=\"flex-basis:100%\">\n<div class=\"wp-block-group is-vertical is-layout-flex wp-container-4 wp-block-group-is-layout-flex\">\n<h3 class=\"wp-block-heading has-text-align-center\"><strong>Ihre Aufgaben<\/strong><\/h3>\n\n\n\n<div class=\"wp-block-group is-vertical is-layout-flex wp-container-2 wp-block-group-is-layout-flex\">\n<p>Elektrik:<\/p>\n\n\n\n<p>\u2022 Montage und Verdrahtung elektrischer Anlagen<\/p>\n\n\n\n<p>\u2022 Inbetriebnahme unserer Maschinen im Haus und beim Kunden<\/p>\n<\/div>\n\n\n\n<div class=\"wp-block-group is-vertical is-layout-flex wp-container-3 wp-block-group-is-layout-flex\">\n<p>\u2022 Service, Wartung und Schulung der Anlagen<\/p>\n\n\n\n<p class=\"has-text-align-center\">Programmierung:<\/p>\n\n\n\n<p>\u2022 SPS-Programmierung von Siemens-Steuerungen<\/p>\n\n\n\n<p>\u2022 Roboterprogrammierung (KUKA \/ ABB \/ FANUC)<\/p>\n\n\n\n<p>\u2022 Integration und Inbetriebnahme von Kamerasystemen<\/p>\n\n\n\n<p>\u2022 Betreuung und Optimierung von Automatisierungsl\u00f6sungen<\/p>\n<\/div>\n<\/div>\n<\/div>\n<\/div>\n<\/div>\n<\/div><\/div>\n<\/div>\n<\/div>\n\n\n\n<div class=\"wp-block-column is-vertically-aligned-top is-layout-flow wp-block-column-is-layout-flow\">\n<div class=\"wp-block-group is-vertical is-layout-flex wp-container-13 wp-block-group-is-layout-flex\">\n<div class=\"wp-block-group is-vertical is-content-justification-center is-layout-flex wp-container-12 wp-block-group-is-layout-flex\">\n<h3 class=\"wp-block-heading\"><strong>Ihr Profil<\/strong><\/h3>\n\n\n\n<div class=\"wp-block-group is-vertical is-layout-flex wp-container-11 wp-block-group-is-layout-flex\">\n<p>\u2022 Abgeschlossene Berufsausbildung als Elektriker, Elektroniker, Mechatroniker oder vergleichbar<\/p>\n\n\n\n<p>\u2022 Reisebereitschaft f\u00fcr Kundeneins\u00e4tze<\/p>\n\n\n\n<p>\u2022 Selbstst\u00e4ndige und sorgf\u00e4ltige Arbeitsweise<\/p>\n\n\n\n<p>\u2022 Englischkenntnisse w\u00fcnschenswert <\/p>\n\n\n\n<p>\u2022 Erste Programmiererfahrung (f\u00fcr Programmierer-Position) von Vorteil<\/p>\n<\/div>\n<\/div>\n<\/div>\n<\/div>\n\n\n\n<div class=\"wp-block-column is-vertically-aligned-top is-layout-flow wp-block-column-is-layout-flow\">\n<div class=\"wp-block-group is-vertical is-layout-flex wp-container-17 wp-block-group-is-layout-flex\">\n<div class=\"wp-block-group is-vertical is-content-justification-center is-layout-flex wp-container-16 wp-block-group-is-layout-flex\">\n<h3 class=\"wp-block-heading\"><strong>Unser Angebot<\/strong><\/h3>\n\n\n\n<p>\u2022 Abwechslungsreiche und verantwortungsvolle Aufgaben mit Gestaltungsspielraum<\/p>\n\n\n\n<p>\u2022 Flache Hierarchien und kurze Entscheidungswege<\/p>\n\n\n\n<p class=\"is-layout-flow wp-block-paragraph-is-layout-flow\">\u2022 Kollegiales Arbeitsumfeld in einem Familienunternehmen<\/p>\n\n\n\n<p>\u2022 Moderne Arbeitspl\u00e4tze und spannende Projekte im Sondermaschinenbau<\/p>\n\n\n\n<p>\u2022 Mitarbeiter Benefits (Betriebliche Altersvorsorge, Betriebliches Gesundheitspaket, Firmenrad,&#8230;)<\/p>\n<\/div>\n<\/div>\n<\/div>\n<\/div>\n\n\n\n<figure class=\"wp-block-image size-large is-resized\"><img decoding=\"async\" loading=\"lazy\" width=\"1024\" height=\"254\" src=\"https:\/\/www.kama-maschinenbau.de\/web\/wp-content\/uploads\/2020\/01\/kama-21-1024x254.jpg\" alt=\"\" class=\"wp-image-352\" style=\"aspect-ratio:4.031496062992126;width:839px;height:auto\" srcset=\"https:\/\/www.kama-maschinenbau.de\/web\/wp-content\/uploads\/2020\/01\/kama-21-1024x254.jpg 1024w, https:\/\/www.kama-maschinenbau.de\/web\/wp-content\/uploads\/2020\/01\/kama-21-300x74.jpg 300w, https:\/\/www.kama-maschinenbau.de\/web\/wp-content\/uploads\/2020\/01\/kama-21-768x190.jpg 768w\" sizes=\"(max-width: 1024px) 100vw, 1024px\" \/><\/figure>\n\n\n\n<hr class=\"wp-block-separator has-alpha-channel-opacity\"\/>\n\n\n\n<h2 class=\"wp-block-heading\">Wir suchen Auszubildende f\u00fcr September 2026!!!<\/h2>\n\n\n\n<p>Folgende Ausbildungsberufe k\u00f6nnen bei kama erlernt werden:<\/p>\n\n\n\n<div class=\"wp-block-columns is-layout-flex wp-container-25 wp-block-columns-is-layout-flex\">\n<div class=\"wp-block-column is-layout-flow wp-block-column-is-layout-flow\">\n<h2 class=\"wp-block-heading\"><strong>Ausbildung als <\/strong><\/h2>\n\n\n\n<h2 class=\"wp-block-heading\"><strong>Mechatroniker \/ in<\/strong><\/h2>\n\n\n\n<div class=\"wp-block-group is-layout-flow wp-block-group-is-layout-flow\"><div class=\"wp-block-group__inner-container\">\n<p>Fachrichtung Maschinenbau (m\/w\/d)<\/p>\n<\/div><\/div>\n\n\n\n<p><strong>Ausbildungsdauer:<\/strong><\/p>\n\n\n\n<p>3 \u00bd Jahre (Zwischenpr\u00fcfung nach 1 \u00bd Jahren)<\/p>\n\n\n\n<p><strong>Voraussetzung:<\/strong><\/p>\n\n\n\n<p>Gute bis sehr gute Mathekenntnisse, handwerkliches Geschick, IT-Kenntnisse, Teamf\u00e4higkeit<\/p>\n\n\n\n<p><strong>Beschreibung:<\/strong><\/p>\n\n\n\n<div class=\"wp-block-group is-layout-flow wp-block-group-is-layout-flow\"><div class=\"wp-block-group__inner-container\">\n<p class=\"has-text-align-left\">Mechanik, Elektronik, Steuerungstechnik: Moderne Maschinen und Anlagen sind gespickt mit diesen Technologien. Sie sind miteinander verkn\u00fcpft und nur ihr einwandfreies Zusammenspiel gew\u00e4hrleistet den gew\u00fcnschten Output in einem bestimmten Zeitrahmen und zu akzeptablen Kosten. An dieser Stelle kommst du als Mechatroniker ins Spiel. Denn in diesem Beruf bringst du das Wissen aus verschiedenen Bereichen unter einen Hut.<\/p>\n<\/div><\/div>\n\n\n\n<p>Du denkst in Zusammenh\u00e4ngen und hast dementsprechend vielschichtige Probleml\u00f6sungen parat. Clever verbindest du deine Grundkenntnisse in der Materialbearbeitung, im Umformen, Messen und Pr\u00fcfen, in Pneumatik und Hydraulik und in EDV-Technik zu einem umfassenden Spezialwissen.<\/p>\n<\/div>\n\n\n\n<div class=\"wp-block-column is-layout-flow wp-block-column-is-layout-flow\">\n<h2 class=\"wp-block-heading\"><strong>Ausbildung als Feinwerkmechaniker \/ in<\/strong><\/h2>\n\n\n\n<p>Fachrichtung Maschinenbau (m\/w\/d)<\/p>\n\n\n\n<p><strong>Ausbildungsdauer:<\/strong><\/p>\n\n\n\n<p>3 \u00bd Jahre (Zwischenpr\u00fcfung nach 1 \u00bd Jahren)<\/p>\n\n\n\n<p><strong>Voraussetzung:<\/strong><\/p>\n\n\n\n<p>Gute bis sehr gute Mathekenntnisse, handwerkliches Geschick, Teamf\u00e4higkeit<\/p>\n\n\n\n<p><strong>Beschreibung:<\/strong><\/p>\n\n\n\n<div class=\"wp-block-group is-layout-flow wp-block-group-is-layout-flow\"><div class=\"wp-block-group__inner-container\">\n<p>Manch ein Beruf ist im wahrsten Sinne des Wortes eine feine Sache. Das gilt zum Beispiel, wenn du bei uns als Feinwerkmechaniker arbeitest. Im Maschinenbau ist h\u00f6chste Pr\u00e4zision auf den Mikrometer gefragt. Du lernst die Herstellung von kleinsten Bauteilen bis hin zu gro\u00dfen Baugruppen und Maschinen. Die Bearbeitung von s\u00e4mtlichen Materialien mittels verschiedensten Fertigungsverfahren liegt in deiner Hand.<\/p>\n\n\n\n<p>Um diese Anforderung zu erf\u00fcllen, wertest du technische Unterlagen aus und ermittelst die f\u00fcr die Produktion wichtigen Daten. Danach w\u00e4hlst du die passenden Werkzeuge \u2013 etwa Drehmei\u00dfel, Fr\u00e4ser und Bohrer \u2013 sowie Pr\u00fcfmittel aus. Oft arbeitest du mit computergesteuerten Werkzeugmaschinen, die du auch programmierst und exakt auf Kundenw\u00fcnsche einstellst.<\/p>\n\n\n\n<p>Unterst\u00fctzend wirst du ebenso in der Montage eingesetzt, in der du die gefertigten Bauteile zu einer Maschine zusammenf\u00fcgst.<\/p>\n<\/div><\/div>\n<\/div>\n<\/div>\n\n\n\n<div class=\"wp-block-columns are-vertically-aligned-center is-layout-flex wp-container-28 wp-block-columns-is-layout-flex\">\n<div class=\"wp-block-column is-vertically-aligned-center is-layout-flow wp-block-column-is-layout-flow\"><div class=\"wp-block-image\">\n<figure class=\"aligncenter size-full\"><img decoding=\"async\" loading=\"lazy\" width=\"763\" height=\"439\" src=\"https:\/\/www.kama-maschinenbau.de\/web\/wp-content\/uploads\/2023\/03\/Bild-Azubi-1.jpg\" alt=\"\" class=\"wp-image-21614\" srcset=\"https:\/\/www.kama-maschinenbau.de\/web\/wp-content\/uploads\/2023\/03\/Bild-Azubi-1.jpg 763w, https:\/\/www.kama-maschinenbau.de\/web\/wp-content\/uploads\/2023\/03\/Bild-Azubi-1-300x173.jpg 300w\" sizes=\"(max-width: 763px) 100vw, 763px\" \/><\/figure><\/div><\/div>\n\n\n\n<div class=\"wp-block-column is-vertically-aligned-center is-layout-flow wp-block-column-is-layout-flow\"><div class=\"wp-block-image is-resized\">\n<figure class=\"aligncenter size-full\"><img decoding=\"async\" loading=\"lazy\" width=\"756\" height=\"466\" src=\"https:\/\/www.kama-maschinenbau.de\/web\/wp-content\/uploads\/2023\/03\/Bild-Ausbildung-1.jpg\" alt=\"\" class=\"wp-image-21615\" style=\"aspect-ratio:1.6223175965665235;width:386px;height:auto\" srcset=\"https:\/\/www.kama-maschinenbau.de\/web\/wp-content\/uploads\/2023\/03\/Bild-Ausbildung-1.jpg 756w, https:\/\/www.kama-maschinenbau.de\/web\/wp-content\/uploads\/2023\/03\/Bild-Ausbildung-1-300x185.jpg 300w\" sizes=\"(max-width: 756px) 100vw, 756px\" \/><\/figure><\/div><\/div>\n<\/div>\n\n\n\n<hr class=\"wp-block-separator has-css-opacity\"\/>\n\n\n\n<div class=\"wp-block-group is-layout-flow wp-block-group-is-layout-flow\"><div class=\"wp-block-group__inner-container\">\n<p><strong>Bitte sende eine aussagekr\u00e4ftige Bewerbung an:<\/strong><\/p>\n\n\n\n<p>kama Maschinenbau GmbH <br>z.Hd. Frau Lisa Magdt <br>Sch\u00fctzenstra\u00dfe 31<br>95173 Sch\u00f6nwald<\/p>\n\n\n\n<p><strong>oder per Mail an:<\/strong><\/p>\n\n\n\n<p>lisa.magdt@kama-maschinenbau.de<\/p>\n<\/div><\/div>\n\n\n\n<hr class=\"wp-block-separator has-css-opacity\"\/>\n","protected":false},"excerpt":{"rendered":"<p>Stellenausschreibung Elektriker \/ Programmierer (m\/w\/d) Ihre Aufgaben Elektrik: \u2022 Montage und Verdrahtung elektrischer Anlagen \u2022 Inbetriebnahme unserer Maschinen im Haus und beim Kunden \u2022 Service, Wartung und Schulung der Anlagen Programmierung: \u2022 SPS-Programmierung von Siemens-Steuerungen \u2022 Roboterprogrammierung (KUKA \/ ABB \/ FANUC) \u2022 Integration und Inbetriebnahme von Kamerasystemen \u2022 Betreuung und Optimierung von Automatisierungsl\u00f6sungen Ihr [&hellip;]<\/p>\n","protected":false},"author":2,"featured_media":0,"parent":0,"menu_order":7,"comment_status":"closed","ping_status":"closed","template":"","meta":{"footnotes":""},"yoast_head":"<!-- This site is optimized with the Yoast SEO plugin v20.0 - https:\/\/yoast.com\/wordpress\/plugins\/seo\/ -->\n<title>Stellenangebote - kama Maschinenbau GmbH<\/title>\n<meta name=\"robots\" content=\"index, follow, max-snippet:-1, max-image-preview:large, max-video-preview:-1\" \/>\n<link rel=\"canonical\" href=\"https:\/\/www.kama-maschinenbau.de\/web\/stellenangebote\/\" \/>\n<meta property=\"og:locale\" content=\"de_DE\" \/>\n<meta property=\"og:type\" content=\"article\" \/>\n<meta property=\"og:title\" content=\"Stellenangebote - kama Maschinenbau GmbH\" \/>\n<meta property=\"og:description\" content=\"Stellenausschreibung Elektriker \/ Programmierer (m\/w\/d) Ihre Aufgaben Elektrik: \u2022 Montage und Verdrahtung elektrischer Anlagen \u2022 Inbetriebnahme unserer Maschinen im Haus und beim Kunden \u2022 Service, Wartung und Schulung der Anlagen Programmierung: \u2022 SPS-Programmierung von Siemens-Steuerungen \u2022 Roboterprogrammierung (KUKA \/ ABB \/ FANUC) \u2022 Integration und Inbetriebnahme von Kamerasystemen \u2022 Betreuung und Optimierung von Automatisierungsl\u00f6sungen Ihr [&hellip;]\" \/>\n<meta property=\"og:url\" content=\"https:\/\/www.kama-maschinenbau.de\/web\/stellenangebote\/\" \/>\n<meta property=\"og:site_name\" content=\"kama Maschinenbau GmbH\" \/>\n<meta property=\"article:modified_time\" content=\"2025-08-12T08:03:22+00:00\" \/>\n<meta property=\"og:image\" content=\"https:\/\/www.kama-maschinenbau.de\/web\/wp-content\/uploads\/2020\/01\/kama-21-1024x254.jpg\" \/>\n<meta name=\"twitter:card\" content=\"summary_large_image\" \/>\n<meta name=\"twitter:label1\" content=\"Gesch\u00e4tzte Lesezeit\" \/>\n\t<meta name=\"twitter:data1\" content=\"4 Minuten\" \/>\n<script type=\"application\/ld+json\" class=\"yoast-schema-graph\">{\"@context\":\"https:\/\/schema.org\",\"@graph\":[{\"@type\":\"WebPage\",\"@id\":\"https:\/\/www.kama-maschinenbau.de\/web\/stellenangebote\/\",\"url\":\"https:\/\/www.kama-maschinenbau.de\/web\/stellenangebote\/\",\"name\":\"Stellenangebote - kama Maschinenbau GmbH\",\"isPartOf\":{\"@id\":\"https:\/\/www.kama-maschinenbau.de\/web\/#website\"},\"datePublished\":\"2021-03-11T12:25:47+00:00\",\"dateModified\":\"2025-08-12T08:03:22+00:00\",\"breadcrumb\":{\"@id\":\"https:\/\/www.kama-maschinenbau.de\/web\/stellenangebote\/#breadcrumb\"},\"inLanguage\":\"de-DE\",\"potentialAction\":[{\"@type\":\"ReadAction\",\"target\":[\"https:\/\/www.kama-maschinenbau.de\/web\/stellenangebote\/\"]}]},{\"@type\":\"BreadcrumbList\",\"@id\":\"https:\/\/www.kama-maschinenbau.de\/web\/stellenangebote\/#breadcrumb\",\"itemListElement\":[{\"@type\":\"ListItem\",\"position\":1,\"name\":\"Home\",\"item\":\"https:\/\/www.kama-maschinenbau.de\/web\/\"},{\"@type\":\"ListItem\",\"position\":2,\"name\":\"Stellenangebote\"}]},{\"@type\":\"WebSite\",\"@id\":\"https:\/\/www.kama-maschinenbau.de\/web\/#website\",\"url\":\"https:\/\/www.kama-maschinenbau.de\/web\/\",\"name\":\"kama Maschinenbau GmbH\",\"description\":\"Willkommen. Planung und Fertigung von Bauteilen, Baugruppen bis hin zu kompletten Anlagen. Zertifizierter Fachbetrieb mit Tradition. Sondermaschinenbau, u.v.m.\",\"potentialAction\":[{\"@type\":\"SearchAction\",\"target\":{\"@type\":\"EntryPoint\",\"urlTemplate\":\"https:\/\/www.kama-maschinenbau.de\/web\/?s={search_term_string}\"},\"query-input\":\"required name=search_term_string\"}],\"inLanguage\":\"de-DE\"}]}<\/script>\n<!-- \/ Yoast SEO plugin. -->","yoast_head_json":{"title":"Stellenangebote - kama Maschinenbau GmbH","robots":{"index":"index","follow":"follow","max-snippet":"max-snippet:-1","max-image-preview":"max-image-preview:large","max-video-preview":"max-video-preview:-1"},"canonical":"https:\/\/www.kama-maschinenbau.de\/web\/stellenangebote\/","og_locale":"de_DE","og_type":"article","og_title":"Stellenangebote - kama Maschinenbau GmbH","og_description":"Stellenausschreibung Elektriker \/ Programmierer (m\/w\/d) Ihre Aufgaben Elektrik: \u2022 Montage und Verdrahtung elektrischer Anlagen \u2022 Inbetriebnahme unserer Maschinen im Haus und beim Kunden \u2022 Service, Wartung und Schulung der Anlagen Programmierung: \u2022 SPS-Programmierung von Siemens-Steuerungen \u2022 Roboterprogrammierung (KUKA \/ ABB \/ FANUC) \u2022 Integration und Inbetriebnahme von Kamerasystemen \u2022 Betreuung und Optimierung von Automatisierungsl\u00f6sungen Ihr [&hellip;]","og_url":"https:\/\/www.kama-maschinenbau.de\/web\/stellenangebote\/","og_site_name":"kama Maschinenbau GmbH","article_modified_time":"2025-08-12T08:03:22+00:00","og_image":[{"url":"https:\/\/www.kama-maschinenbau.de\/web\/wp-content\/uploads\/2020\/01\/kama-21-1024x254.jpg"}],"twitter_card":"summary_large_image","twitter_misc":{"Gesch\u00e4tzte Lesezeit":"4 Minuten"},"schema":{"@context":"https:\/\/schema.org","@graph":[{"@type":"WebPage","@id":"https:\/\/www.kama-maschinenbau.de\/web\/stellenangebote\/","url":"https:\/\/www.kama-maschinenbau.de\/web\/stellenangebote\/","name":"Stellenangebote - kama Maschinenbau GmbH","isPartOf":{"@id":"https:\/\/www.kama-maschinenbau.de\/web\/#website"},"datePublished":"2021-03-11T12:25:47+00:00","dateModified":"2025-08-12T08:03:22+00:00","breadcrumb":{"@id":"https:\/\/www.kama-maschinenbau.de\/web\/stellenangebote\/#breadcrumb"},"inLanguage":"de-DE","potentialAction":[{"@type":"ReadAction","target":["https:\/\/www.kama-maschinenbau.de\/web\/stellenangebote\/"]}]},{"@type":"BreadcrumbList","@id":"https:\/\/www.kama-maschinenbau.de\/web\/stellenangebote\/#breadcrumb","itemListElement":[{"@type":"ListItem","position":1,"name":"Home","item":"https:\/\/www.kama-maschinenbau.de\/web\/"},{"@type":"ListItem","position":2,"name":"Stellenangebote"}]},{"@type":"WebSite","@id":"https:\/\/www.kama-maschinenbau.de\/web\/#website","url":"https:\/\/www.kama-maschinenbau.de\/web\/","name":"kama Maschinenbau GmbH","description":"Willkommen. Planung und Fertigung von Bauteilen, Baugruppen bis hin zu kompletten Anlagen. Zertifizierter Fachbetrieb mit Tradition. Sondermaschinenbau, u.v.m.","potentialAction":[{"@type":"SearchAction","target":{"@type":"EntryPoint","urlTemplate":"https:\/\/www.kama-maschinenbau.de\/web\/?s={search_term_string}"},"query-input":"required name=search_term_string"}],"inLanguage":"de-DE"}]}},"_links":{"self":[{"href":"https:\/\/www.kama-maschinenbau.de\/web\/wp-json\/wp\/v2\/pages\/2034"}],"collection":[{"href":"https:\/\/www.kama-maschinenbau.de\/web\/wp-json\/wp\/v2\/pages"}],"about":[{"href":"https:\/\/www.kama-maschinenbau.de\/web\/wp-json\/wp\/v2\/types\/page"}],"author":[{"embeddable":true,"href":"https:\/\/www.kama-maschinenbau.de\/web\/wp-json\/wp\/v2\/users\/2"}],"replies":[{"embeddable":true,"href":"https:\/\/www.kama-maschinenbau.de\/web\/wp-json\/wp\/v2\/comments?post=2034"}],"version-history":[{"count":21,"href":"https:\/\/www.kama-maschinenbau.de\/web\/wp-json\/wp\/v2\/pages\/2034\/revisions"}],"predecessor-version":[{"id":46730,"href":"https:\/\/www.kama-maschinenbau.de\/web\/wp-json\/wp\/v2\/pages\/2034\/revisions\/46730"}],"wp:attachment":[{"href":"https:\/\/www.kama-maschinenbau.de\/web\/wp-json\/wp\/v2\/media?parent=2034"}],"curies":[{"name":"wp","href":"https:\/\/api.w.org\/{rel}","templated":true}]}}