{"id":138,"date":"2017-10-03T16:34:37","date_gmt":"2017-10-03T14:34:37","guid":{"rendered":"http:\/\/test.kama-maschinenbau.de\/?page_id=138"},"modified":"2022-07-21T11:12:03","modified_gmt":"2022-07-21T09:12:03","slug":"news","status":"publish","type":"page","link":"https:\/\/www.kama-maschinenbau.de\/web\/news\/","title":{"rendered":"News"},"content":{"rendered":"<h1>News<\/h1>\n\n\n<hr class=\"wp-block-separator\"\/>\n\n\n\n<h2 class=\"wp-block-heading\"><strong>02.07.2022: Ein voller Erfolg<\/strong> unser 1. <\/h2>\n\n\n\n<div class=\"wp-block-group\"><div class=\"wp-block-group__inner-container is-layout-flow wp-block-group-is-layout-flow\">\n<figure class=\"wp-block-image size-large\"><img decoding=\"async\" loading=\"lazy\" width=\"1024\" height=\"400\" src=\"https:\/\/www.kama-maschinenbau.de\/web\/wp-content\/uploads\/2022\/07\/Familientag-1024x400.png\" alt=\"\" class=\"wp-image-14057\" srcset=\"https:\/\/www.kama-maschinenbau.de\/web\/wp-content\/uploads\/2022\/07\/Familientag-1024x400.png 1024w, https:\/\/www.kama-maschinenbau.de\/web\/wp-content\/uploads\/2022\/07\/Familientag-300x117.png 300w, https:\/\/www.kama-maschinenbau.de\/web\/wp-content\/uploads\/2022\/07\/Familientag-768x300.png 768w, https:\/\/www.kama-maschinenbau.de\/web\/wp-content\/uploads\/2022\/07\/Familientag.png 1136w\" sizes=\"(max-width: 1024px) 100vw, 1024px\" \/><\/figure>\n<\/div><\/div>\n\n\n\n<hr class=\"wp-block-separator\"\/>\n\n\n\n<h2 class=\"wp-block-heading\"><strong>01.07.2022: Wir sind jetzt auch <span class=\"has-inline-color has-vivid-green-cyan-color\">GR\u00dcN<\/span><\/strong><\/h2>\n\n\n\n<p>Mit unserer neuen Photovoltaikanlage generieren wir unseren Strom f\u00fcr den t\u00e4glichen Bedarf klimaneutral.<\/p>\n\n\n\n<figure class=\"wp-block-image size-large\"><img decoding=\"async\" loading=\"lazy\" width=\"1024\" height=\"768\" src=\"https:\/\/www.kama-maschinenbau.de\/web\/wp-content\/uploads\/2022\/07\/PV-1024x768.jpg\" alt=\"\" class=\"wp-image-14053\" srcset=\"https:\/\/www.kama-maschinenbau.de\/web\/wp-content\/uploads\/2022\/07\/PV-1024x768.jpg 1024w, https:\/\/www.kama-maschinenbau.de\/web\/wp-content\/uploads\/2022\/07\/PV-300x225.jpg 300w, https:\/\/www.kama-maschinenbau.de\/web\/wp-content\/uploads\/2022\/07\/PV-768x576.jpg 768w, https:\/\/www.kama-maschinenbau.de\/web\/wp-content\/uploads\/2022\/07\/PV-1536x1152.jpg 1536w, https:\/\/www.kama-maschinenbau.de\/web\/wp-content\/uploads\/2022\/07\/PV.jpg 1600w\" sizes=\"(max-width: 1024px) 100vw, 1024px\" \/><\/figure>\n\n\n\n<hr class=\"wp-block-separator\"\/>\n\n\n\n<h2 class=\"wp-block-heading\"><strong>25.01.2020: Ausbildungsmesse im Januar 2020<\/strong><\/h2>\n\n\n\n<figure class=\"wp-block-embed is-type-video is-provider-youtube wp-block-embed-youtube wp-embed-aspect-16-9 wp-has-aspect-ratio\"><div class=\"wp-block-embed__wrapper\">\n<iframe loading=\"lazy\" title=\"Kama Ausbildungsmesse 2020\" width=\"1000\" height=\"563\" src=\"https:\/\/www.youtube.com\/embed\/q32dxBZYxsQ?feature=oembed\" frameborder=\"0\" allow=\"accelerometer; autoplay; clipboard-write; encrypted-media; gyroscope; picture-in-picture\" allowfullscreen><\/iframe>\n<\/div><\/figure>\n\n\n\n<hr class=\"wp-block-separator\"\/>\n\n\n\n<h2 class=\"wp-block-heading\"><strong>06.12.2019: Erinnerung an unseren Senior Chef Gerhard Magdt<\/strong><\/h2>\n\n\n\n<figure class=\"wp-block-image size-large\"><img decoding=\"async\" loading=\"lazy\" width=\"607\" height=\"402\" src=\"https:\/\/www.kama-maschinenbau.de\/web\/wp-content\/uploads\/2020\/02\/WhatsApp-Image-2019-12-10-at-16.29.35.jpeg\" alt=\"\" class=\"wp-image-360\" srcset=\"https:\/\/www.kama-maschinenbau.de\/web\/wp-content\/uploads\/2020\/02\/WhatsApp-Image-2019-12-10-at-16.29.35.jpeg 607w, https:\/\/www.kama-maschinenbau.de\/web\/wp-content\/uploads\/2020\/02\/WhatsApp-Image-2019-12-10-at-16.29.35-300x199.jpeg 300w\" sizes=\"(max-width: 607px) 100vw, 607px\" \/><\/figure>\n\n\n\n<hr class=\"wp-block-separator\"\/>\n\n\n\n<h2 class=\"wp-block-heading\"><strong>26.01.2019: Ausbildungsmesse im Januar 2019<\/strong><\/h2>\n\n\n\n<figure class=\"wp-block-image size-large\"><img decoding=\"async\" loading=\"lazy\" width=\"1024\" height=\"768\" src=\"https:\/\/www.kama-maschinenbau.de\/web\/wp-content\/uploads\/2019\/02\/Bild-2019-1024x768.jpg\" alt=\"\" class=\"wp-image-315\" srcset=\"https:\/\/www.kama-maschinenbau.de\/web\/wp-content\/uploads\/2019\/02\/Bild-2019-1024x768.jpg 1024w, https:\/\/www.kama-maschinenbau.de\/web\/wp-content\/uploads\/2019\/02\/Bild-2019-300x225.jpg 300w, https:\/\/www.kama-maschinenbau.de\/web\/wp-content\/uploads\/2019\/02\/Bild-2019-768x576.jpg 768w, https:\/\/www.kama-maschinenbau.de\/web\/wp-content\/uploads\/2019\/02\/Bild-2019.jpg 1600w\" sizes=\"(max-width: 1024px) 100vw, 1024px\" \/><\/figure>\n\n\n\n<p>&nbsp;<\/p>\n\n\n\n<p>Bei verschiedenen R\u00e4tseln stellten die jungen Sch\u00fcler Ihr technisches Wissen unter Beweis. Zu gewinnen gab es unsere Coffee-To-Go Becher aus Porzellan.<\/p>\n\n\n\n<p>Wir haben viele interessante Gespr\u00e4che gef\u00fchrt und freuen uns auf aufschlussreiche Bewerbungen f\u00fcr den Ausbildungsstart zum 01.09.2019.<\/p>\n\n\n\n<p>Danke an die Dr.-Franz-Bogner-Mittelschule Selb f\u00fcr die hervorragende Organisation.<\/p>\n\n\n\n<hr class=\"wp-block-separator\"\/>\n","protected":false},"excerpt":{"rendered":"<p>News 02.07.2022: Ein voller Erfolg unser 1. 01.07.2022: Wir sind jetzt auch GR\u00dcN Mit unserer neuen Photovoltaikanlage generieren wir unseren Strom f\u00fcr den t\u00e4glichen Bedarf klimaneutral. 25.01.2020: Ausbildungsmesse im Januar 2020 06.12.2019: Erinnerung an unseren Senior Chef Gerhard Magdt 26.01.2019: Ausbildungsmesse im Januar 2019 &nbsp; Bei verschiedenen R\u00e4tseln stellten die jungen Sch\u00fcler Ihr technisches Wissen [&hellip;]<\/p>\n","protected":false},"author":1,"featured_media":0,"parent":0,"menu_order":6,"comment_status":"closed","ping_status":"closed","template":"","meta":{"footnotes":""},"yoast_head":"<!-- This site is optimized with the Yoast SEO plugin v20.0 - https:\/\/yoast.com\/wordpress\/plugins\/seo\/ -->\n<title>News - kama Maschinenbau GmbH<\/title>\n<meta name=\"robots\" content=\"index, follow, max-snippet:-1, max-image-preview:large, max-video-preview:-1\" \/>\n<link rel=\"canonical\" href=\"https:\/\/www.kama-maschinenbau.de\/web\/news\/\" \/>\n<meta property=\"og:locale\" content=\"de_DE\" \/>\n<meta property=\"og:type\" content=\"article\" \/>\n<meta property=\"og:title\" content=\"News - kama Maschinenbau GmbH\" \/>\n<meta property=\"og:description\" content=\"News 02.07.2022: Ein voller Erfolg unser 1. 01.07.2022: Wir sind jetzt auch GR\u00dcN Mit unserer neuen Photovoltaikanlage generieren wir unseren Strom f\u00fcr den t\u00e4glichen Bedarf klimaneutral. 25.01.2020: Ausbildungsmesse im Januar 2020 06.12.2019: Erinnerung an unseren Senior Chef Gerhard Magdt 26.01.2019: Ausbildungsmesse im Januar 2019 &nbsp; Bei verschiedenen R\u00e4tseln stellten die jungen Sch\u00fcler Ihr technisches Wissen [&hellip;]\" \/>\n<meta property=\"og:url\" content=\"https:\/\/www.kama-maschinenbau.de\/web\/news\/\" \/>\n<meta property=\"og:site_name\" content=\"kama Maschinenbau GmbH\" \/>\n<meta property=\"article:modified_time\" content=\"2022-07-21T09:12:03+00:00\" \/>\n<meta property=\"og:image\" content=\"https:\/\/www.kama-maschinenbau.de\/web\/wp-content\/uploads\/2022\/07\/Familientag-1024x400.png\" \/>\n<meta name=\"twitter:card\" content=\"summary_large_image\" \/>\n<meta name=\"twitter:label1\" content=\"Gesch\u00e4tzte Lesezeit\" \/>\n\t<meta name=\"twitter:data1\" content=\"1 Minute\" \/>\n<script type=\"application\/ld+json\" class=\"yoast-schema-graph\">{\"@context\":\"https:\/\/schema.org\",\"@graph\":[{\"@type\":\"WebPage\",\"@id\":\"https:\/\/www.kama-maschinenbau.de\/web\/news\/\",\"url\":\"https:\/\/www.kama-maschinenbau.de\/web\/news\/\",\"name\":\"News - kama Maschinenbau GmbH\",\"isPartOf\":{\"@id\":\"https:\/\/www.kama-maschinenbau.de\/web\/#website\"},\"datePublished\":\"2017-10-03T14:34:37+00:00\",\"dateModified\":\"2022-07-21T09:12:03+00:00\",\"breadcrumb\":{\"@id\":\"https:\/\/www.kama-maschinenbau.de\/web\/news\/#breadcrumb\"},\"inLanguage\":\"de-DE\",\"potentialAction\":[{\"@type\":\"ReadAction\",\"target\":[\"https:\/\/www.kama-maschinenbau.de\/web\/news\/\"]}]},{\"@type\":\"BreadcrumbList\",\"@id\":\"https:\/\/www.kama-maschinenbau.de\/web\/news\/#breadcrumb\",\"itemListElement\":[{\"@type\":\"ListItem\",\"position\":1,\"name\":\"Home\",\"item\":\"https:\/\/www.kama-maschinenbau.de\/web\/\"},{\"@type\":\"ListItem\",\"position\":2,\"name\":\"News\"}]},{\"@type\":\"WebSite\",\"@id\":\"https:\/\/www.kama-maschinenbau.de\/web\/#website\",\"url\":\"https:\/\/www.kama-maschinenbau.de\/web\/\",\"name\":\"kama Maschinenbau GmbH\",\"description\":\"Willkommen. Planung und Fertigung von Bauteilen, Baugruppen bis hin zu kompletten Anlagen. Zertifizierter Fachbetrieb mit Tradition. Sondermaschinenbau, u.v.m.\",\"potentialAction\":[{\"@type\":\"SearchAction\",\"target\":{\"@type\":\"EntryPoint\",\"urlTemplate\":\"https:\/\/www.kama-maschinenbau.de\/web\/?s={search_term_string}\"},\"query-input\":\"required name=search_term_string\"}],\"inLanguage\":\"de-DE\"}]}<\/script>\n<!-- \/ Yoast SEO plugin. -->","yoast_head_json":{"title":"News - kama Maschinenbau GmbH","robots":{"index":"index","follow":"follow","max-snippet":"max-snippet:-1","max-image-preview":"max-image-preview:large","max-video-preview":"max-video-preview:-1"},"canonical":"https:\/\/www.kama-maschinenbau.de\/web\/news\/","og_locale":"de_DE","og_type":"article","og_title":"News - kama Maschinenbau GmbH","og_description":"News 02.07.2022: Ein voller Erfolg unser 1. 01.07.2022: Wir sind jetzt auch GR\u00dcN Mit unserer neuen Photovoltaikanlage generieren wir unseren Strom f\u00fcr den t\u00e4glichen Bedarf klimaneutral. 25.01.2020: Ausbildungsmesse im Januar 2020 06.12.2019: Erinnerung an unseren Senior Chef Gerhard Magdt 26.01.2019: Ausbildungsmesse im Januar 2019 &nbsp; Bei verschiedenen R\u00e4tseln stellten die jungen Sch\u00fcler Ihr technisches Wissen [&hellip;]","og_url":"https:\/\/www.kama-maschinenbau.de\/web\/news\/","og_site_name":"kama Maschinenbau GmbH","article_modified_time":"2022-07-21T09:12:03+00:00","og_image":[{"url":"https:\/\/www.kama-maschinenbau.de\/web\/wp-content\/uploads\/2022\/07\/Familientag-1024x400.png"}],"twitter_card":"summary_large_image","twitter_misc":{"Gesch\u00e4tzte Lesezeit":"1 Minute"},"schema":{"@context":"https:\/\/schema.org","@graph":[{"@type":"WebPage","@id":"https:\/\/www.kama-maschinenbau.de\/web\/news\/","url":"https:\/\/www.kama-maschinenbau.de\/web\/news\/","name":"News - kama Maschinenbau GmbH","isPartOf":{"@id":"https:\/\/www.kama-maschinenbau.de\/web\/#website"},"datePublished":"2017-10-03T14:34:37+00:00","dateModified":"2022-07-21T09:12:03+00:00","breadcrumb":{"@id":"https:\/\/www.kama-maschinenbau.de\/web\/news\/#breadcrumb"},"inLanguage":"de-DE","potentialAction":[{"@type":"ReadAction","target":["https:\/\/www.kama-maschinenbau.de\/web\/news\/"]}]},{"@type":"BreadcrumbList","@id":"https:\/\/www.kama-maschinenbau.de\/web\/news\/#breadcrumb","itemListElement":[{"@type":"ListItem","position":1,"name":"Home","item":"https:\/\/www.kama-maschinenbau.de\/web\/"},{"@type":"ListItem","position":2,"name":"News"}]},{"@type":"WebSite","@id":"https:\/\/www.kama-maschinenbau.de\/web\/#website","url":"https:\/\/www.kama-maschinenbau.de\/web\/","name":"kama Maschinenbau GmbH","description":"Willkommen. Planung und Fertigung von Bauteilen, Baugruppen bis hin zu kompletten Anlagen. Zertifizierter Fachbetrieb mit Tradition. Sondermaschinenbau, u.v.m.","potentialAction":[{"@type":"SearchAction","target":{"@type":"EntryPoint","urlTemplate":"https:\/\/www.kama-maschinenbau.de\/web\/?s={search_term_string}"},"query-input":"required name=search_term_string"}],"inLanguage":"de-DE"}]}},"_links":{"self":[{"href":"https:\/\/www.kama-maschinenbau.de\/web\/wp-json\/wp\/v2\/pages\/138"}],"collection":[{"href":"https:\/\/www.kama-maschinenbau.de\/web\/wp-json\/wp\/v2\/pages"}],"about":[{"href":"https:\/\/www.kama-maschinenbau.de\/web\/wp-json\/wp\/v2\/types\/page"}],"author":[{"embeddable":true,"href":"https:\/\/www.kama-maschinenbau.de\/web\/wp-json\/wp\/v2\/users\/1"}],"replies":[{"embeddable":true,"href":"https:\/\/www.kama-maschinenbau.de\/web\/wp-json\/wp\/v2\/comments?post=138"}],"version-history":[{"count":10,"href":"https:\/\/www.kama-maschinenbau.de\/web\/wp-json\/wp\/v2\/pages\/138\/revisions"}],"predecessor-version":[{"id":14059,"href":"https:\/\/www.kama-maschinenbau.de\/web\/wp-json\/wp\/v2\/pages\/138\/revisions\/14059"}],"wp:attachment":[{"href":"https:\/\/www.kama-maschinenbau.de\/web\/wp-json\/wp\/v2\/media?parent=138"}],"curies":[{"name":"wp","href":"https:\/\/api.w.org\/{rel}","templated":true}]}}